 6*o + 16. List the prime factors of w.
2
Let w(z) = 5*z**2 + 7*z + 5. Let f(q) = 10*q**2 + 13*q + 9. Let i(n) = 6*f(n) - 11*w(n). Let l be i(1). What are the prime factors of (-1)/5 - (-46)/l?
3
Let y = -6 - -12. Suppose 0 = n - y - 2. What are the prime factors of 6/n - 111/(-12)?
2, 5
Let v(f) = -24*f. Let j be v(-1). Suppose -5*h - 5 = -k, -4*k - 4 = 3*h - j. Suppose 0*a + 5*a = -3*y + 55, y - k*a + 15 = 0. List the prime factors of y.
2, 5
Suppose -2*x - 9 = -5*x. Suppose 3*z + x*y = 6*z - 6, -5*y = 5*z + 30. What are the prime factors of ((-3)/4)/(z/24)?
3
Suppose 5*s - 4 - 6 = -4*n, 5*n = -4*s + 8. What are the prime factors of 6 - (3 - n/3)?
3
Let d(s) = s**2 + 2*s - 1. Suppose u + 3*g + 7 = 2, -3*g = 3*u + 9. Let c be d(u). Let l = c - -5. What are the prime factors of l?
2
Let h(g) be the third derivative of 0 + 5/6*g**3 - 1/24*g**4 + 3*g**2 + 0*g. What are the prime factors of h(-4)?
3
Let n = -13 + 15. Suppose -97 = -3*u - o, -n*u - 2*o - 2*o + 78 = 0. List the prime factors of u.
31
Suppose -y + 20 = 2*t + 4*y, 0 = -3*t + 5*y - 20. Suppose -2*x + 10 + 14 = t. List the prime factors of x.
2, 3
Let z = -19 - -26. Let v(c) = 9*c - 13. List the prime factors of v(z).
2, 5
Suppose 39 = -2*s + 245. What are the prime factors of s?
103
Let j(g) = -1. Let y(o) = -o**3 + 9*o**2 + 11*o - 12. Let k(h) = -6*j(h) + y(h). Let c be k(10). Suppose c*l = l + 24. What are the prime factors of l?
2
Let w(h) = h**3 + 3*h**2 + 3*h. Let g be w(-2). Let i = g - -19. List the prime factors of i.
17
Let q = 4 - 1. Suppose q*t + 1 = 19. List the prime factors of t.
2, 3
Let k = 17 - -1. Suppose 2*r = -r + k. List the prime factors of r.
2, 3
Suppose -6*s = 5*r - 4*s - 885, 4*r = 3*s + 685. What are the prime factors of r?
5, 7
Let b(r) = 2*r**2 - 12*r - 7. Suppose -2*v - 39 = -5*s, 6*s + 4*v - 20 = 2*s. List the prime factors of b(s).
7
Let g(f) = 8*f + 4*f - 2*f - 4. Let d be g(4). Suppose -d = -2*v - 2. List the prime factors of v.
17
Let t(m) be the second derivative of -m**4/12 + 5*m**3/3 - m**2/2 + m. What are the prime factors of t(8)?
3, 5
Let k(x) = -5*x**2 + 10*x - 7. Let w(o) = 6*o**2 - 11*o + 8. Let s(y) = -4*k(y) - 3*w(y). List the prime factors of s(5).
19
Let m(x) = x**3 - 10*x**2 + 6*x + 14. Let i be m(10). Suppose -3*a - 16 = -5*h - i, 0 = -a - 4*h + 25. List the prime factors of a.
3, 7
Let x(k) = -2*k - 6. Suppose 3*a - 56 = f, -4*a + 43 = 2*f - 45. Suppose -l = -3*l - 2*i - 16, -3*l = i + a. What are the prime factors of x(l)?
2, 3
Let g(j) = -4*j**2 + 2*j**2 - 4*j + 3*j**2 + 4*j**2 + 3. List the prime factors of g(2).
3, 5
Let z = -9 - -13. Suppose -62 - 106 = -z*s. Let g = -30 + s. What are the prime factors of g?
2, 3
Let s(o) = 2*o - 9. Let j be s(6). Suppose j*i = 1 + 11. What are the prime factors of i?
2
Let j(a) = a**3 - 9*a**2 + 11*a - 5. Let f be j(8). Suppose 4*l = 1 + 19. Suppose l*z - f = 41. List the prime factors of z.
2, 3
Let u(q) = -q + 9. Let t be u(5). Suppose t*i + 33 = 5*f, -3*i - 12 = -3*f + 9. List the prime factors of f.
5
Let p = -24 + 38. List the prime factors of p.
2, 7
Let k be 34/(-119) - (-18)/14. Let w(o) be the second derivative of 5*o**4/6 - o**2/2 + o. What are the prime factors of w(k)?
3
Let p be (-398)/(-8) + (-1)/(-4). Suppose -p = s + 4*s. List the prime factors of (-4)/2 - s/1.
2
Let q = -96 - -243. Suppose 4*t - q = t. Suppose 4*f + 2*p = 76, -5*f - 5*p + 36 = -t. List the prime factors of f.
3, 7
Let m be 1/(1/(-6)*-2). Let t = -5 + m. List the prime factors of -2 - t - (0 - 4).
2
Let i = -58 + 66. What are the prime factors of i?
2
Let k(g) be the second derivative of g**5/20 - 2*g**4/3 - 4*g**3/3 - 3*g**2/2 + 5*g. List the prime factors of k(9).
2, 3
Let z(x) = -9*x**3 + x**2 - 4*x - 5. List the prime factors of z(-2).
79
List the prime factors of (-20*142/4)/(-2).
5, 71
Let x = -34 - -38. What are the prime factors of x?
2
Suppose -3*c + 0 = 2*b - 3, 5*b - 4*c = 19. Let s(n) be the second derivative of 5*n**3/6 - n**2 - n. List the prime factors of s(b).
13
Let i(m) be the second derivative of -m**5/20 - m**4/4 - m**3/3 + 3*m**2/2 + m. Let k be -6 - (-6)/(-4)*-2. List the prime factors of i(k).
3
Let b = 100 + 12. What are the prime factors of b?
2, 7
Let u(p) be the second derivative of p**5/20 - p**4/4 - p**3/3 + 3*p**2 + 2*p. List the prime factors of u(4).
2, 7
Let p be (212/(-5))/(4/(-10)). Suppose 5*u + 3*v - 113 = p, 174 = 4*u + 3*v. List the prime factors of u.
3, 5
Suppose -1 - 3 = 2*n. Let d = 0 - n. Suppose 0*o = 2*u + d*o - 24, -5*u = 3*o - 64. List the prime factors of u.
2, 7
Let c(i) be the second derivative of 4*i**3/3 - i**2/2 - 4*i. List the prime factors of c(2).
3, 5
Let x be 2 - 0 - -2*4. Let d = x + -7. What are the prime factors of 17 + (-3)/d - -1?
17
Let j(f) = -f + 1. Let x be j(-1). Suppose 0*u = x*u - 4. Suppose -u*c - c = -30. List the prime factors of c.
2, 5
Let h = 56 - 32. Suppose -5*s + 84 = -4*w - h, -2*s + 5*w = -50. What are the prime factors of s?
2, 5
List the prime factors of (-11)/((5 - 0)/(-35)).
7, 11
Suppose -6 = g - 2*g. Let b(z) = z**2 - 4*z + 2. List the prime factors of b(g).
2, 7
Suppose 0 = b + q + 4*q - 57, -4*b - 5*q + 153 = 0. What are the prime factors of b + 2 + -2 + 0?
2
Let r = -20 + 12. Let d(k) = k**2 + 2*k - 5. Let f be d(-4). Let b = f - r. List the prime factors of b.
11
Let s(m) = m**3 + 3*m**2 - 4*m + 4. Let d be s(-4). Suppose -4*h - 32 = -d*r - h, h - 4 = 0. List the prime factors of r.
11
Let b(d) = 6*d**2 - 5*d - 9. Let c(q) = -4*q + 3*q**2 - 9 - 3*q**2 + 5*q**2. Let v(g) = 4*b(g) - 5*c(g). List the prime factors of v(0).
3
What are the prime factors of (-44)/(-6) + (-1)/3?
7
Let r(q) = -q**2 + 6*q - 4. Let z be r(5). Let g be (5*(-3)/(-3))/z. Suppose -3*t + g = -10. List the prime factors of t.
5
Let r = -31 - -106. List the prime factors of r.
3, 5
Let v(d) = 3 - 5*d + 4*d - 2*d - 2. What are the prime factors of v(-6)?
19
Let r(i) = -3*i + 6 - 3*i - 6. Let q be r(-3). Suppose -2*b + q + 4 = 0. List the prime factors of b.
11
Let a = -65 + 39. What are the prime factors of 4/a + 236/13?
2, 3
Let u(i) = 5*i**3 + i**2 - i + 1. List the prime factors of u(2).
43
Let k(p) = 2*p**2 - 4*p. What are the prime factors of k(4)?
2
Let p be 8 + -1 + (-5 - -3). Let b = 14 - p. What are the prime factors of b?
3
Let x be (-2)/(-7) + 12/7. Let y(u) = -3 + 6 - 5 + 3*u + 2*u. List the prime factors of y(x).
2
Let w(o) = 4*o**2 - 5*o - 2. List the prime factors of w(-4).
2, 41
Let a(t) = 4*t**2 - 2. What are the prime factors of a(-3)?
2, 17
Let h = -6 - -11. Let i = -3 + h. Suppose 0 = g + i*g - 18. List the prime factors of g.
2, 3
Let m(o) = -o**2 + 6*o + 2. Let d be m(5). Let l(r) = 2*r**2 - 11*r + 9. What are the prime factors of l(d)?
2, 3, 5
Suppose 4*h - 17 = s, h + 8 = 2*h - 4*s. Let x be 8/(-10)*30/h. Let r = x + 17. List the prime factors of r.
11
Suppose 4*o - 4 = -3*s, 0 = 2*o + 3*o + 4*s - 5. Suppose 3*t - o = 29. List the prime factors of t.
2, 5
Suppose 3*n - 2*v + 46 = 5*n, 75 = 5*n - 5*v. Suppose j - 7 = n. List the prime factors of j.
2, 13
Suppose -54 + 18 = 4*q. Let f be ((-42)/q)/((-2)/(-9)). Suppose -3*m = -0*m - f. List the prime factors of m.
7
Suppose 6*n - 11 - 1 = 0. Suppose 2*x = 4*j + 84, n*j - 60 = x - 3*x. What are the prime factors of x?
2, 17
Let v(z) = z**2 + 6*z - 5. Suppose w + 6 = 3*w. Suppose -w*l = 5*d + 44, 4*l + 2*d = d - 36. What are the prime factors of v(l)?
11
Let o(d) = d**2 + 2*d - 5. What are the prime factors of o(9)?
2, 47
Suppose 0 = -3*p - p - 28. Let a = p + 11. List the prime factors of a.
2
Let u(l) = -l**3 + 8*l**2 - 9*l. Let w be u(6). List the prime factors of 4*-1*w/(-24).
3
Let q(w) = w**3 + 5*w**2 - 6*w - 1. Let i be 4/22 - 68/11. Let c be q(i). What are the prime factors of 12 - (c - (-2 + 2))?
13
Let w(n) = -n**2 - 13*n + 7. List the prime factors of w(-11).
29
Let i = 6 + 0. Suppose -o = -i*o + 20. Suppose 3*r = -4*f + 25, -f - 3 + 32 = o*r. What are the prime factors of r?
7
Let q be 11 - -1 - (1 + -1). Suppose 0 = -a - 2*a + q. What are the prime factors of a?
2
What are the prime factors of (-18)/(-6) - (-137 - (2 - 4))?
2, 3, 23
Let c(a) be the first derivative of a**2/2 + 17*a - 2. Suppose 0 = 4*j + 3*u + 54, 3*u - 8*u - 10 = 0. List the prime factors of c(j).
5
Wha